 the highest common divisor of 25 and 977150.
25
Calculate the greatest common factor of 420 and 112588.
28
Calculate the greatest common divisor of 1932 and 1566.
6
What is the greatest common factor of 87424 and 187142?
1366
What is the greatest common divisor of 728 and 192712?
104
Calculate the highest common factor of 449088 and 768.
192
Calculate the highest common divisor of 174 and 725292.
6
Calculate the greatest common factor of 11 and 7048.
1
What is the highest common divisor of 79130 and 1230?
410
What is the highest common factor of 42930 and 1395?
45
Calculate the greatest common divisor of 273447 and 207.
207
What is the greatest common factor of 4825 and 5211?
193
What is the highest common divisor of 22 and 850124?
22
Calculate the greatest common divisor of 25623 and 6615.
27
Calculate the highest common factor of 3561 and 49.
1
What is the greatest common divisor of 341904 and 816?
816
What is the highest common factor of 338364 and 2652?
156
Calculate the highest common divisor of 687708 and 144.
36
Calculate the greatest common factor of 376 and 6936.
8
What is the highest common divisor of 16899 and 6288?
393
Calculate the greatest common factor of 210691 and 988.
247
Calculate the highest common factor of 202 and 98.
2
Calculate the greatest common factor of 32 and 63208.
8
What is the highest common factor of 547354 and 230?
46
Calculate the highest common divisor of 37846 and 70358.
254
Calculate the highest common divisor of 43804 and 564.
188
Calculate the greatest common divisor of 14330 and 35.
5
What is the greatest common factor of 99 and 20817?
9
What is the highest common divisor of 2060 and 70?
10
What is the greatest common factor of 1365 and 27105?
195
What is the greatest common factor of 1635 and 3825?
15
What is the greatest common factor of 14652 and 352?
44
Calculate the highest common factor of 6303 and 1848.
33
What is the highest common factor of 507 and 2725463?
169
Calculate the highest common factor of 5 and 3365.
5
What is the highest common divisor of 185040 and 336?
48
What is the highest common divisor of 208 and 7306?
26
Calculate the greatest common divisor of 22 and 73579.
11
What is the greatest common factor of 4 and 4443364?
4
Calculate the highest common divisor of 19 and 6581125.
19
What is the highest common divisor of 4266740 and 20?
20
What is the highest common divisor of 163264 and 320?
64
What is the highest common factor of 69 and 14398?
23
Calculate the greatest common divisor of 11 and 619.
1
Calculate the highest common factor of 147177 and 27945.
1863
What is the greatest common factor of 34358 and 246?
82
Calculate the greatest common divisor of 904 and 1583582.
226
What is the highest common factor of 64194 and 52?
26
Calculate the greatest common divisor of 49350 and 420.
210
Calculate the greatest common factor of 48096 and 12.
12
Calculate the greatest common factor of 299061 and 9898.
707
Calculate the greatest common factor of 2241 and 1040322.
249
Calculate the highest common divisor of 73600 and 391.
23
What is the greatest common divisor of 48 and 2391?
3
What is the greatest common factor of 891 and 3509?
11
Calculate the highest common factor of 115486 and 565.
113
Calculate the greatest common divisor of 24 and 1108.
4
What is the greatest common factor of 162 and 7578?
18
Calculate the highest common divisor of 7227 and 19199.
73
What is the greatest common divisor of 69 and 57523?
23
What is the highest common factor of 8568 and 51051?
357
What is the greatest common factor of 111 and 2701?
37
Calculate the greatest common factor of 44964 and 576.
36
What is the highest common divisor of 726 and 13310?
242
What is the highest common divisor of 31452 and 216?
12
Calculate the highest common factor of 2112 and 126951.
33
Calculate the highest common divisor of 16275 and 35.
35
Calculate the highest common factor of 95 and 18905.
95
What is the greatest common divisor of 1226413 and 838?
419
Calculate the greatest common divisor of 1790964 and 168.
84
What is the greatest common factor of 68 and 62441?
17
Calculate the greatest common factor of 50179 and 3058.
139
What is the highest common factor of 52924 and 14148?
524
What is the greatest common factor of 18808 and 112?
8
Calculate the greatest common divisor of 5 and 452590.
5
Calculate the greatest common factor of 75088 and 6032.
208
Calculate the greatest common divisor of 64354 and 138.
46
Calculate the greatest common factor of 396018 and 42.
42
Calculate the greatest common factor of 2923 and 9472.
37
What is the highest common divisor of 1106 and 2226?
14
What is the highest common divisor of 32 and 1044?
4
What is the highest common divisor of 123 and 309?
3
Calculate the highest common divisor of 1380 and 295.
5
Calculate the greatest common divisor of 40 and 4045.
5
Calculate the highest common factor of 17 and 133909.
17
Calculate the highest common divisor of 371231 and 1172.
293
What is the highest common factor of 11371 and 249?
83
Calculate the highest common factor of 240 and 100176.
48
Calculate the highest common factor of 4765 and 270.
5
What is the greatest common factor of 1125 and 10400?
25
What is the highest common factor of 804 and 606819?
201
Calculate the greatest common factor of 211 and 430862.
211
Calculate the highest common divisor of 36162 and 931.
49
What is the highest common factor of 10755 and 7648?
239
Calculate the highest common factor of 9312 and 4512.
96
Calculate the highest common factor of 1010 and 161196.
202
What is the greatest common divisor of 291 and 5467017?
291
What is the greatest common factor of 7812 and 18?
18
Calculate the highest common factor of 41200 and 190.
10
What is the highest common factor of 3538 and 15982?
122
Calculate the highest common factor of 867 and 470203.
289
What is the highest common factor of 64255 and 57920?
905
What is the greatest common divisor of 130075 and 11495?
605
What is the highest common divisor of 31188 and 690?
138
Calculate the highest common divisor of 695 and 10703.
139
What is the greatest common divisor of 183 and 642147?
183
What is the highest common divisor of 16115 and 586?
293
What is the greatest common divisor of 17628 and 486?
6
Calculate the highest common divisor of 981 and 11862.
9
Calculate the greatest common divisor of 322239 and 2097.
699
What is the highest common factor of 121 and 18799?
11
Calculate the highest common factor of 487 and 25.
1
Calculate the highest common factor of 16 and 56968.
8
What is the greatest common divisor of 575594 and 1422?
158
Calculate the highest common divisor of 4594 and 8.
2
Calculate the highest common factor of 1161 and 4128.
129
What is the highest common factor of 356436 and 396?
36
Calculate the highest common factor of 356343 and 52.
13
What is the greatest common divisor of 15810 and 2015?
155
What is the highest common divisor of 1166 and 15136?
22
Calculate the greatest common divisor of 103 and 133591.
103
Calculate the greatest common factor of 15370 and 47995.
145
Calculate the greatest common divisor of 7025 and 15.
5
Calculate the highest common divisor of 18292 and 269.
269
What is the highest common divisor of 235 and 39355?
5
Calculate the greatest common divisor of 6045 and 91.
13
What is the highest common factor of 237342 and 1302?
42
What is the highest common divisor of 1768 and 312?
104
What is the highest common divisor of 18845 and 40?
5
What is the greatest common factor of 5883 and 9657?
111
What is the highest common factor of 16430 and 620?
310
Calculate the greatest common divisor of 10101 and 26.
13
What is the highest common factor of 18050 and 50?
50
Calculate the greatest common factor of 4187 and 424.
53
Calculate the greatest common factor of 83496 and 14.
14
Calculate the highest common divisor of 60 and 64956.
12
What is the greatest common factor of 2923289 and 97?
97
What is the highest common divisor of 889 and 4641?
7
What is the greatest common divisor of 4 and 52396?
4
What is the greatest common divisor of 71189 and 16343?
277
Calculate the greatest common divisor of 114120 and 72.
72
Calculate the greatest common divisor of 3908 and 332.
4
Calculate the greatest common factor of 783047 and 76.
19
What is the g